+ 85210. What is the units digit of z?
5
Let w be ((-25)/(250/(-112)))/(2/15). What is the units digit of 3 + 57/(-21) - (-91032)/w?
4
Suppose 20*x - 84*x - 108222 = -661822. What is the hundreds digit of x?
6
Let m(u) = 20499*u**3 + u**2 + 14*u - 14. What is the units digit of m(1)?
0
Let v be 635/15 - 1/3. Let x = 46 - v. What is the units digit of (-1071)/42*x/(-1)?
2
Let t(n) = -4*n + 12. Let z be t(3). Suppose z = j - g + 2, 10*j - 5*g + 20 = 15*j. What is the units digit of j?
1
Let t(b) = -3*b**3 + 2*b - 25. Let g(y) = -4*y**3 - y**2 + 2*y - 27. Let k(v) = 4*g(v) - 5*t(v). What is the tens digit of k(-8)?
8
Let f(m) = -20*m - 112. Let o be f(-22). Suppose -c - 5*d = -511, 4*d - 1194 = -3*c + o. What is the units digit of c?
6
Suppose -m + 2*y = -0*y - 463, y = -5*m + 2359. Let r = 836 - m. What is the units digit of r?
5
Let u(b) = 2*b**3 + b**2. Let s be u(-1). Suppose 640 = 5*j + 5*y, -167 = -3*j - 5*y + 227. What is the units digit of 2*(j/6 - s)*1?
3
Let z(a) = -375*a**3 - 35*a**2 - 109*a - 29. What is the thousands digit of z(-3)?
0
Suppose 35960 = -133*n + 141*n. What is the units digit of n?
5
Let h = 31186 + -14224. What is the ten thousands digit of h?
1
Let x(a) = a**2 - 4*a - 4. Suppose 97*k = 92*k - 45. What is the hundreds digit of x(k)?
1
Suppose 987 = 4*x - 6613. Let m be ((-2)/6)/((-665)/165 + 4). Suppose -b = -m*b + x. What is the tens digit of b?
9
Let o be 3 + 74/10 + (-62)/155. Let h(f) = 5*f + 17. Let z(p) = p. Let i(c) = h(c) + 2*z(c). What is the units digit of i(o)?
7
Let n = -441 + 423. Let b(q) = -2*q**3 - 36*q**2 - 19*q - 126. What is the hundreds digit of b(n)?
2
Let n(u) = -18*u - 630. Let v be n(-35). Suppose 2*h + 5 = -11. What is the tens digit of (v + 69)/((-6)/h)?
9
Suppose 5*r = -2*u + 20269, -2*r + 4*u + 11600 - 3478 = 0. Let o = 5723 - r. What is the tens digit of o?
6
Let y be (-16 + 15)/(3/(-9)). Suppose -n + 3*t = -188, -y*n + 2*t = -159 - 419. What is the tens digit of n?
9
Let z(j) = 2*j**3 - 46*j**2 + 80*j + 44. What is the thousands digit of z(31)?
7
Let s(l) = -2*l**3 + l**2 + l - 8. Let c be s(-4). Let r be (-20)/6*(c/8)/(-11). Suppose -r*n = 3*p - 440, 66 = n + p + 4*p. What is the units digit of n?
1
Let w(o) = 15*o**2 + 120*o + 8. Let r be w(-8). What is the units digit of r/(-3)*(-26 + -16)?
2
What is the tens digit of 6712 + 1 - (-336)/28?
2
Let c(f) = -f**3 - 96*f**2 - 752*f + 166. What is the thousands digit of c(-98)?
3
Suppose -185307 = -3*l + 6*p, 109 - 85 = 4*p. What is the hundreds digit of l?
7
Let m(o) = o + 14. Let t be m(3). Suppose 0 = -3*y - 2*y + 55. Suppose t*p - y*p = 390. What is the tens digit of p?
6
What is the units digit of (-780487)/(-85) - 15 - (-1)/(-5)?
7
Let c(n) = 92*n**2 - 2*n - 25. What is the hundreds digit of c(-9)?
4
Let z = 96 - 93. Let u(v) = -10*v**3 - 12*v**z + 15 - 4*v**2 + 21*v**3 + 8*v + 16*v. What is the hundreds digit of u(-9)?
2
Suppose 3*s - 201168 = 25*s. What is the units digit of (-1)/(s/4568 + 2)?
1
Suppose -25*z + 15066 = -3017 + 2433. What is the hundreds digit of z?
6
Let p(b) = 41*b**2 + 1521*b + 159. What is the units digit of p(-63)?
5
Suppose 229*p - 137959 = 92*p. What is the tens digit of p?
0
Suppose 535 = -2*n + 87. Let r = 110 - n. What is the units digit of r?
4
Let k be 4/(-3 - 3362/(-1120)). Suppose 2*u - k = -6*u. Suppose -2*q = 3*q - u. What is the tens digit of q?
5
Let t(v) = -7*v - 43. Let d be t(-7). What is the hundreds digit of 3/9 + 2044/d - 4?
3
Let w(v) = 75*v**2 + 365*v - 7528. What is the hundreds digit of w(22)?
8
Suppose 3*r + 81 = -y, 115 = -5*r + 7*y - 2*y. Let h = r - -25. What is the tens digit of ((-10)/(-8)*1)/(h/(-12))?
1
Let u = 7376 + 5049. What is the hundreds digit of u?
4
Let i = -15461 + 36206. What is the units digit of i?
5
Let r(b) = -b**3 + 89*b**2 + 25*b - 1377. What is the hundreds digit of r(86)?
9
Let r = 7116 + -3990. Suppose -r = -9*k + 10077. What is the units digit of k?
7
Let c(s) = 2*s**2 + 6*s + 8. Let k be (15/5)/3 + 38. Let g = 45 - k. What is the units digit of c(g)?
6
Suppose 4*j + 4*i = -i + 17247, 4*j - 17244 = -4*i. Suppose 12*k - j + 732 = 0. What is the units digit of k?
8
Let a(t) = t**2 - 1. Let x be a(-1). Let q be 4/8 - 18019/(-74). Suppose x = 2*v + 2*v - q. What is the tens digit of v?
6
Suppose 0 = -r + 9*c + 35708, r + 63*c - 35604 = 59*c. What is the thousands digit of r?
5
Let o(b) = 15*b**2 + 62*b + 834. What is the units digit of o(-22)?
0
Let r(f) be the first derivative of -f**3/3 + f**2 + 1259*f - 303. What is the thousands digit of r(0)?
1
Suppose -678 + 468 = -7*x. Suppose x*v = 2633 + 4597. What is the hundreds digit of v?
2
Let c(v) = -4*v - 21. Let f be c(-6). Suppose 2*r - f*g = -r + 3, -3*r + 1 = -g. Suppose -l = -r*l - 56. What is the units digit of l?
6
Suppose 0 = -p - p - u - 893, 0 = -4*p + 3*u - 1771. Let d = p + 1077. What is the hundreds digit of d?
6
Let v = 6129 - -58119. What is the units digit of v?
8
Let f(j) = 4*j**2 - 13*j + 1. Let w be f(4). Let x(z) = z**2 + 5*z - 20. What is the tens digit of x(w)?
1
What is the ten thousands digit of (-15)/((-1800)/(-867040))*((-26)/8 + 1)?
1
Let b = 389 - 136. Suppose -5*n + b = s, 3*n - 184 - 575 = -3*s. Suppose -6*w + 623 + s = 0. What is the units digit of w?
6
Let k(b) = b**2 + b - 28. Let r be k(-6). Let n be 360/35 - r/7. Suppose n*z - 1166 = -56. What is the hundreds digit of z?
1
Let l(s) be the third derivative of -s**6/120 - s**5/30 + s**4/4 + 2*s**3 - 21*s**2. What is the tens digit of l(-7)?
1
Let q(g) = 833*g**2 + 80*g - 14. What is the thousands digit of q(3)?
7
Let f be ((-249)/6 + 5)*-16. What is the tens digit of 10/(-30) + f/6?
9
Let h(u) = 2*u + 4. Let w = 22 + -25. Let r be h(w). Let s(m) = -7*m**3 - 3*m**2 - m - 2. What is the units digit of s(r)?
4
Suppose 4*p + 49 = 117. Suppose -p*x = -6357 - 3214. What is the hundreds digit of x?
5
Let u(t) = 8*t + 57. Suppose 22 = 12*v - 26. Suppose -2*c - 6 = 5*r, -4*c + v - 16 = 2*r. What is the units digit of u(r)?
7
Let g be -420 + (1 - (5 - 4)). Let v = g - -610. What is the hundreds digit of v?
1
Suppose 0 = -3*k - 5*x + 80249, 15054 + 65210 = 3*k + 2*x. What is the thousands digit of k?
6
Suppose 4*f - 25 = -f. Suppose -3*m + 2524 = -5*i, 0 = -f*m - 4*i + 5477 - 1332. What is the hundreds digit of m?
8
Let r = -14771 + 28915. What is the thousands digit of r?
4
Let d(h) = -356*h**3 + h**2 - 11*h + 4. Let k be d(3). Let g(p) = -2*p - 1. Let w be g(4). What is the hundreds digit of k/(-42) - (-2)/w*-3?
2
Let t = -788 + 791. Let n = t - 2. What is the units digit of n?
1
Let t = 8807 - -3170. What is the thousands digit of t?
1
Suppose 38 = 5*d - 67. Suppose 23*l = d*l + 448. What is the hundreds digit of l?
2
Let h be -2*1/(2/(-28)). Suppose b + b = h. Suppose 0 = -u + 5*c + 44, u + c + 0*c - b = 0. What is the units digit of u?
9
Suppose -c = -15*c + 28. What is the hundreds digit of (-3)/((-6)/572 + 0) - c?
2
Let o(v) = 4*v**3 - 6 - 5*v**3 + 2 + 3*v**3 - 4 + 5*v**2 - 30*v. What is the tens digit of o(8)?
9
Let p(t) = -t**2 + 10*t. Let r(a) = -a - 8. Let o be r(-15). Let l be p(o). Suppose -20*q + l*q - 81 = 0. What is the units digit of q?
1
Let j be (-6 - (-4)/2)*1038/(-24). Suppose 5*x + 4*y = 1473, -3*x + 2*y = -j - 724. What is the units digit of x?
7
Let m = 4992 + -2683. Suppose 5*u + m = 6104. What is the hundreds digit of u?
7
Let q(j) = 396*j - 503. What is the thousands digit of q(19)?
7
Suppose 434 + 941 = -5*r. Let t = -19 - r. What is the hundreds digit of t?
2
Suppose 3*v + 183 = p, -7*v - 5*p = -6*v + 45. What is the hundreds digit of (3 - 445/(-10))/((-6)/v)?
4
Let u(q) = -6915*q + 243. What is the tens digit of u(-2)?
7
Let k(x) = -59*x + 8 - 30*x + 42*x - x**2 + 40 - 7. What is the tens digit of k(-36)?
3
Let m = 38 - 13. Suppose -7*h + 2*h + m = 0. Suppose 5*w = -t + 1422, -2*t = -h*w + 3*t + 1410. What is the hundreds digit of w?
2
Let l(s) = 2*s**3 + 3*s**2 - s - 2. Let q be l(-2). Let j(v) = 2*v**2 - 3*v + 5. What is the tens digit of j(q)?
4
Let a = 52 - 44. Suppose q = 3*p - a*p + 238, 4*p - 194 = q. Let n = p + 34. What is the units digit of n?
2
Suppose -35*j - 8*j + 182104 = 61*j. What is the thousands digit of j?
1
What is the tens digit of 32/10*((-45)/(-72))/((-2)/(-5464))?
6
Let b = 16054 - 10370. 